2331.
4
Calculate the remainder when 4738419 is divided by 4885.
4854
Calculate the remainder when 50278479 is divided by 705.
699
Calculate the remainder when 923788 is divided by 1635.
13
Calculate the remainder when 602547 is divided by 25103.
75
What is the remainder when 2092399 is divided by 1046186?
27
Calculate the remainder when 1936857 is divided by 549.
534
What is the remainder when 4789822 is divided by 957961?
17
What is the remainder when 1620972 is divided by 3707?
1013
What is the remainder when 1658728 is divided by 230?
198
Calculate the remainder when 26938826 is divided by 121346.
14
Calculate the remainder when 924833 is divided by 80.
33
Calculate the remainder when 4159322 is divided by 206.
182
What is the remainder when 6514108 is divided by 64?
60
What is the remainder when 4448728 is divided by 201?
196
What is the remainder when 614393636 is divided by 143?
142
Calculate the remainder when 38657487 is divided by 140.
127
What is the remainder when 4024471 is divided by 52?
35
What is the remainder when 8780801 is divided by 230?
91
What is the remainder when 55350817 is divided by 2626?
2615
What is the remainder when 14316036 is divided by 148?
144
What is the remainder when 6321569 is divided by 2908?
2485
What is the remainder when 64147 is divided by 235?
227
What is the remainder when 12863375 is divided by 11?
8
Calculate the remainder when 2051563 is divided by 1025726.
111
What is the remainder when 11324298 is divided by 65?
63
Calculate the remainder when 1078328495 is divided by 2086.
2085
What is the remainder when 80073452 is divided by 542?
540
Calculate the remainder when 96140 is divided by 95908.
232
Calculate the remainder when 8052707 is divided by 180.
47
What is the remainder when 4939483 is divided by 2469738?
7
Calculate the remainder when 27201120 is divided by 7.
2
Calculate the remainder when 4939762 is divided by 10.
2
What is the remainder when 237054 is divided by 236953?
101
What is the remainder when 597096 is divided by 3512?
56
Calculate the remainder when 22936967 is divided by 53.
51
What is the remainder when 150849 is divided by 1735?
1639
Calculate the remainder when 197913 is divided by 3194.
3079
Calculate the remainder when 180287895 is divided by 8.
7
What is the remainder when 21305727 is divided by 2445?
2442
What is the remainder when 818653 is divided by 40932?
13
What is the remainder when 262630 is divided by 86897?
1939
What is the remainder when 4525556 is divided by 3819?
41
Calculate the remainder when 59803473 is divided by 3517851.
6
Calculate the remainder when 323827 is divided by 146.
145
What is the remainder when 1454831 is divided by 161644?
35
Calculate the remainder when 30395891 is divided by 117.
110
Calculate the remainder when 8205987 is divided by 553.
20
What is the remainder when 71187388 is divided by 235?
13
Calculate the remainder when 3448913 is divided by 492650.
363
Calculate the remainder when 1385516 is divided by 119.
118
Calculate the remainder when 8158372 is divided by 2293.
2171
Calculate the remainder when 112258 is divided by 27058.
4026
Calculate the remainder when 3202467 is divided by 1079.
1074
Calculate the remainder when 1563204 is divided by 2.
0
Calculate the remainder when 190984 is divided by 6585.
19
Calculate the remainder when 7269930 is divided by 14.
10
Calculate the remainder when 140943321 is divided by 1072.
1049
What is the remainder when 3442 is divided by 1778?
1664
Calculate the remainder when 104484 is divided by 10198.
2504
What is the remainder when 18375088 is divided by 9187432?
224
What is the remainder when 1175077 is divided by 349?
343
What is the remainder when 550726 is divided by 1999?
1001
What is the remainder when 21281030 is divided by 547?
542
Calculate the remainder when 32155813 is divided by 349.
0
Calculate the remainder when 32336228 is divided by 1388.
1380
What is the remainder when 8808526 is divided by 17?
10
What is the remainder when 12234325 is divided by 6117119?
87
Calculate the remainder when 10938396 is divided by 1059.
1044
What is the remainder when 714513 is divided by 2952?
129
Calculate the remainder when 367925 is divided by 559.
103
Calculate the remainder when 45362 is divided by 11279.
246
Calculate the remainder when 61811 is divided by 19838.
2297
What is the remainder when 886162 is divided by 20139?
46
Calculate the remainder when 8421530 is divided by 18.
14
What is the remainder when 457431429 is divided by 107?
9
What is the remainder when 127772 is divided by 3981?
380
What is the remainder when 4638017 is divided by 327?
176
Calculate the remainder when 15066904 is divided by 3013376.
24
What is the remainder when 1673093 is divided by 29?
25
What is the remainder when 8482 is divided by 215?
97
Calculate the remainder when 8765926 is divided by 1300.
26
What is the remainder when 1945464 is divided by 1260?
24
Calculate the remainder when 119500 is divided by 119461.
39
Calculate the remainder when 50401071 is divided by 8.
7
Calculate the remainder when 752885 is divided by 830.
75
Calculate the remainder when 816586 is divided by 30215.
781
Calculate the remainder when 773995 is divided by 128865.
805
What is the remainder when 551550 is divided by 4712?
246
What is the remainder when 134721 is divided by 22347?
639
What is the remainder when 3682735 is divided by 17209?
9
What is the remainder when 137247 is divided by 27423?
132
Calculate the remainder when 49271 is divided by 159.
140
What is the remainder when 1865696 is divided by 4371?
3650
What is the remainder when 1665373 is divided by 1665365?
8
What is the remainder when 810603 is divided by 270198?
9
Calculate the remainder when 37888 is divided by 53.
46
What is the remainder when 4328438 is divided by 785?
733
Calculate the remainder when 557501336 is divided by 3916.
3912
What is the remainder when 11186734 is divided by 92?
86
Calculate the remainder when 5575583 is divided by 212.
195
Calculate the remainder when 16308 is divided by 1614.
168
What is the remainder when 12649652 is divided by 9723?
29
What is the remainder when 4626 is divided by 4204?
422
Calculate the remainder when 1092883 is divided by 1412.
1407
What is the remainder when 20703 is divided by 19111?
1592
Calculate the remainder when 674749317 is divided by 734.
733
What is the remainder when 22669 is divided by 11017?
635
Calculate the remainder when 30513497 is divided by 17.
10
What is the remainder when 1524566 is divided by 11290?
416
Calculate the remainder when 828087 is divided by 90.
87
Calculate the remainder when 18926 is divided by 8892.
1142
Calculate the remainder when 72121740 is divided by 8308.
8300
Calculate the remainder when 3228171 is divided by 2234.
41
Calculate the remainder when 404306 is divided by 381.
65
What is the remainder when 6044269 is divided by 33579?
49
Calculate the remainder when 43489 is divided by 7241.
43
What is the remainder when 1527391 is divided by 9256?
151
Calculate the remainder when 2958708 is divided by 5.
3
What is the remainder when 44838 is divided by 2096?
822
Calculate the remainder when 8928780 is divided by 1703.
1654
Calculate the remainder when 83111 is divided by 26577.
3380
Calculate the remainder when 7238 is divided by 771.
299
What is the remainder when 3562574 is divided by 127?
97
What is the remainder when 209127 is divided by 51926?
1423
Calculate the remainder when 23924 is divided by 4123.
3309
What is the remainder when 818867346 is divided by 556?
554
What is the remainder when 2824054 is divided by 1822?
1776
What is the remainder when 21884812 is divided by 896?
12
What is the remainder when 119563 is divided by 2434?
297
What is the remainder when 756447 is divided by 77?
76
Calculate the remainder when 1239221 is divided by 166.
31
Calculate the remainder when 77947 is divided by 6493.
31
What is the remainder when 257333 is divided by 85681?
290
Calculate the remainder when 2769875 is divided by 3014.
9
What is the remainder when 571903 is divided by 43929?
826
What is the remainder when 2909731 is divided by 1219?
1197
What is the remainder when 1283979 is divided by 295?
139
What is the remainder when 1126024 is divided by 7?
4
Calculate 